{"id":62,"date":"2019-04-06T14:19:44","date_gmt":"2019-04-06T14:19:44","guid":{"rendered":"http:\/\/www.masbodva.sk\/?page_id=62"},"modified":"2019-04-07T14:47:19","modified_gmt":"2019-04-07T14:47:19","slug":"o-nas-2","status":"publish","type":"page","link":"https:\/\/www.masbodva.sk\/index.php\/o-nas-2\/","title":{"rendered":"O n\u00e1s"},"content":{"rendered":"<div style=\"text-align: justify;\">Predchodcom MAS BODVA bolo Rozvojov\u00e9 partnerstvo \u00fadolia Bodvy, ktor\u00e9 sa vytvorilo v roku 2005 na p\u00f4de Region\u00e1lnej rozvojovej agent\u00fary v Moldave nad Bodvou, ako neform\u00e1lne zdru\u017eenie samospr\u00e1v a subjektov akt\u00edvnych v region\u00e1lnom rozvoji na \u00fazem\u00ed mikroregi\u00f3nu Zdru\u017eenia miest a obc\u00ed \u00fadolia Bodvy<strong> <a href=\"http:\/\/zmoub.webnode.sk\/\" target=\"_blank\" rel=\"noreferrer noopener\">(ZMO\u00daB)<\/a>.<\/strong> Jej cie\u013eom \u00a0bola koordin\u00e1cia spolo\u010dn\u00e9ho postupu pri zabezpe\u010dovan\u00ed \u00faloh v oblasti region\u00e1lneho rozvoja na \u00fazem\u00ed ZMO\u00daB.<strong> D\u0148a \u00a08.7.2008 sa na ustanovuj\u00facom sneme partnerstvo in\u0161titucionalizovalo do formy ob\u010dianskeho zdru\u017eenia.<\/strong><\/div>\n\n\n<p><\/p>\n\n\n<p style=\"text-align: justify;\">Nov\u00e9 programovacie obdobie E\u00da a nov\u00e9 volebn\u00e9 obdobie samospr\u00e1vy si vy\u017eiadalo v roku 2015 okrem rev\u00edzie \u00fazemia Rozvojov\u00e9ho partnerstva aj zmenu v organiz\u00e1cii mana\u017ementu regi\u00f3nu. Po dohode zainteresovan\u00fdch str\u00e1n sa ako najschodnej\u0161ia cesta javila zalo\u017eenie novej organiz\u00e1cie, ktor\u00e1 by bola nosite\u013eom rozvojov\u00fdch aktiv\u00edt v \u00fazem\u00ed. D\u0148a 9. apr\u00edla 2015 bolo zalo\u017een\u00e9 ob\u010dianske zdru\u017eenie <strong>Miestna ak\u010dn\u00e1 skupina Bodva,<\/strong> ktor\u00e1 bude pracova\u0165 na zostaven\u00ed Integrovanej strat\u00e9gie rozvoja \u00fazemia a bude sa uch\u00e1dza\u0165 o z\u00edskanie \u0161tat\u00fatu MAS.<\/p>\n\n\n<div class=\"wp-block-image\"><figure class=\"aligncenter\"><img loading=\"lazy\" decoding=\"async\" width=\"1024\" height=\"723\" src=\"https:\/\/www.masbodva.sk\/wp-content\/uploads\/2019\/04\/Bodva_mapa-1024x723.jpg\" alt=\"\" class=\"wp-image-100\" srcset=\"https:\/\/www.masbodva.sk\/wp-content\/uploads\/2019\/04\/Bodva_mapa-1024x723.jpg 1024w, https:\/\/www.masbodva.sk\/wp-content\/uploads\/2019\/04\/Bodva_mapa-300x212.jpg 300w, https:\/\/www.masbodva.sk\/wp-content\/uploads\/2019\/04\/Bodva_mapa-768x543.jpg 768w, https:\/\/www.masbodva.sk\/wp-content\/uploads\/2019\/04\/Bodva_mapa-700x494.jpg 700w, https:\/\/www.masbodva.sk\/wp-content\/uploads\/2019\/04\/Bodva_mapa-410x290.jpg 410w, https:\/\/www.masbodva.sk\/wp-content\/uploads\/2019\/04\/Bodva_mapa-100x71.jpg 100w, https:\/\/www.masbodva.sk\/wp-content\/uploads\/2019\/04\/Bodva_mapa-275x194.jpg 275w\" sizes=\"auto, (max-width: 1024px) 100vw, 1024px\" \/><\/figure><\/div>\n","protected":false},"excerpt":{"rendered":"<p>Predchodcom MAS BODVA bolo Rozvojov\u00e9 partnerstvo \u00fadolia Bodvy, ktor\u00e9 sa vytvorilo v roku 2005 na p\u00f4de Region\u00e1lnej rozvojovej agent\u00fary v Moldave nad Bodvou, ako neform\u00e1lne zdru\u017eenie samospr\u00e1v a subjektov akt\u00edvnych v region\u00e1lnom rozvoji na \u00fazem\u00ed mikroregi\u00f3nu Zdru\u017eenia miest a obc\u00ed \u00fadolia Bodvy (ZMO\u00daB). Jej cie\u013eom \u00a0bola koordin\u00e1cia spolo\u010dn\u00e9ho postupu pri zabezpe\u010dovan\u00ed \u00faloh v oblasti region\u00e1lneho [&hellip;]<\/p>\n","protected":false},"author":1,"featured_media":0,"parent":0,"menu_order":0,"comment_status":"closed","ping_status":"closed","template":"page-templates\/page_fullwidth.php","meta":{"footnotes":""},"class_list":["post-62","page","type-page","status-publish","hentry"],"_links":{"self":[{"href":"https:\/\/www.masbodva.sk\/index.php\/wp-json\/wp\/v2\/pages\/62","targetHints":{"allow":["GET"]}}],"collection":[{"href":"https:\/\/www.masbodva.sk\/index.php\/wp-json\/wp\/v2\/pages"}],"about":[{"href":"https:\/\/www.masbodva.sk\/index.php\/wp-json\/wp\/v2\/types\/page"}],"author":[{"embeddable":true,"href":"https:\/\/www.masbodva.sk\/index.php\/wp-json\/wp\/v2\/users\/1"}],"replies":[{"embeddable":true,"href":"https:\/\/www.masbodva.sk\/index.php\/wp-json\/wp\/v2\/comments?post=62"}],"version-history":[{"count":8,"href":"https:\/\/www.masbodva.sk\/index.php\/wp-json\/wp\/v2\/pages\/62\/revisions"}],"predecessor-version":[{"id":101,"href":"https:\/\/www.masbodva.sk\/index.php\/wp-json\/wp\/v2\/pages\/62\/revisions\/101"}],"wp:attachment":[{"href":"https:\/\/www.masbodva.sk\/index.php\/wp-json\/wp\/v2\/media?parent=62"}],"curies":[{"name":"wp","href":"https:\/\/api.w.org\/{rel}","templated":true}]}}