{"id":32,"date":"2019-04-04T14:13:41","date_gmt":"2019-04-04T14:13:41","guid":{"rendered":"http:\/\/www.masbodva.sk\/?page_id=32"},"modified":"2022-10-21T06:35:27","modified_gmt":"2022-10-21T06:35:27","slug":"uvod","status":"publish","type":"page","link":"https:\/\/www.masbodva.sk\/","title":{"rendered":""},"content":{"rendered":"<p style=\"text-align: justify;\">Miestna ak\u010dn\u00e1 skupina (skratka MAS) je partnerstvo z\u00e1stupcov verejn\u00e9ho, s\u00fakromn\u00e9ho a ob\u010dianskeho sektoru spolupracuj\u00facich na rozvoji svojho \u00fazemia.<\/p>\n","protected":false},"excerpt":{"rendered":"<p>Miestna ak\u010dn\u00e1 skupina (skratka MAS) je partnerstvo z\u00e1stupcov verejn\u00e9ho, s\u00fakromn\u00e9ho a ob\u010dianskeho sektoru spolupracuj\u00facich na rozvoji svojho \u00fazemia.<\/p>\n","protected":false},"author":1,"featured_media":0,"parent":0,"menu_order":0,"comment_status":"closed","ping_status":"closed","template":"","meta":{"footnotes":""},"class_list":["post-32","page","type-page","status-publish","hentry"],"_links":{"self":[{"href":"https:\/\/www.masbodva.sk\/index.php\/wp-json\/wp\/v2\/pages\/32","targetHints":{"allow":["GET"]}}],"collection":[{"href":"https:\/\/www.masbodva.sk\/index.php\/wp-json\/wp\/v2\/pages"}],"about":[{"href":"https:\/\/www.masbodva.sk\/index.php\/wp-json\/wp\/v2\/types\/page"}],"author":[{"embeddable":true,"href":"https:\/\/www.masbodva.sk\/index.php\/wp-json\/wp\/v2\/users\/1"}],"replies":[{"embeddable":true,"href":"https:\/\/www.masbodva.sk\/index.php\/wp-json\/wp\/v2\/comments?post=32"}],"version-history":[{"count":16,"href":"https:\/\/www.masbodva.sk\/index.php\/wp-json\/wp\/v2\/pages\/32\/revisions"}],"predecessor-version":[{"id":377,"href":"https:\/\/www.masbodva.sk\/index.php\/wp-json\/wp\/v2\/pages\/32\/revisions\/377"}],"wp:attachment":[{"href":"https:\/\/www.masbodva.sk\/index.php\/wp-json\/wp\/v2\/media?parent=32"}],"curies":[{"name":"wp","href":"https:\/\/api.w.org\/{rel}","templated":true}]}}